8 and 5028.
12
What is the greatest common divisor of 38 and 2242?
38
Calculate the highest common factor of 256 and 12.
4
What is the highest common divisor of 2581 and 493?
29
What is the highest common factor of 1666 and 196?
98
Calculate the greatest common factor of 3968 and 124.
124
What is the highest common divisor of 1005 and 134?
67
What is the greatest common divisor of 432 and 60?
12
What is the highest common divisor of 640 and 180?
20
Calculate the greatest common divisor of 32 and 27488.
32
What is the greatest common divisor of 265 and 120?
5
Calculate the greatest common divisor of 171 and 95.
19
What is the greatest common divisor of 1344 and 84?
84
Calculate the highest common factor of 113 and 3051.
113
Calculate the greatest common factor of 2601 and 102.
51
What is the greatest common divisor of 180 and 140?
20
What is the highest common factor of 31978 and 236?
118
What is the highest common factor of 144 and 3087?
9
Calculate the greatest common divisor of 803 and 682.
11
What is the highest common factor of 338 and 104?
26
What is the highest common divisor of 15 and 445?
5
What is the highest common divisor of 497 and 71?
71
Calculate the greatest common factor of 5980 and 805.
115
Calculate the greatest common divisor of 6272 and 384.
128
What is the highest common divisor of 132 and 9636?
132
Calculate the highest common factor of 94 and 28.
2
Calculate the greatest common factor of 2000 and 100.
100
Calculate the greatest common divisor of 56 and 63.
7
Calculate the greatest common divisor of 160 and 50.
10
Calculate the highest common factor of 27 and 189.
27
Calculate the highest common divisor of 96 and 1104.
48
What is the highest common factor of 220 and 12?
4
Calculate the greatest common divisor of 7435 and 5.
5
What is the greatest common divisor of 176 and 80?
16
What is the highest common factor of 8 and 488?
8
Calculate the highest common divisor of 182 and 1690.
26
Calculate the greatest common divisor of 72 and 1224.
72
Calculate the greatest common divisor of 497 and 426.
71
Calculate the greatest common factor of 560 and 4.
4
What is the highest common divisor of 202 and 56?
2
Calculate the greatest common divisor of 34 and 272.
34
Calculate the highest common factor of 10 and 70.
10
What is the highest common divisor of 36 and 11532?
12
What is the greatest common factor of 784 and 10682?
98
What is the highest common divisor of 35 and 80?
5
Calculate the highest common factor of 19 and 4.
1
What is the greatest common factor of 1677 and 258?
129
Calculate the greatest common divisor of 2970 and 1210.
110
What is the highest common factor of 208 and 54080?
208
What is the greatest common factor of 40 and 128?
8
Calculate the greatest common divisor of 30 and 96.
6
What is the greatest common factor of 70 and 28?
14
What is the highest common factor of 181 and 1?
1
What is the highest common factor of 136 and 153?
17
What is the highest common divisor of 161 and 391?
23
Calculate the highest common divisor of 1290 and 12.
6
What is the highest common divisor of 92 and 200?
4
What is the greatest common factor of 1961 and 53?
53
Calculate the highest common divisor of 196 and 84.
28
Calculate the highest common divisor of 53115 and 15.
15
What is the greatest common factor of 656 and 4182?
82
What is the highest common factor of 469 and 201?
67
Calculate the highest common factor of 206 and 1339.
103
What is the greatest common divisor of 468 and 52?
52
What is the greatest common factor of 6150 and 10?
10
What is the highest common divisor of 96 and 224?
32
What is the highest common divisor of 45 and 17745?
15
What is the highest common factor of 1074 and 8413?
179
Calculate the highest common factor of 21 and 7203.
21
What is the greatest common divisor of 42 and 228?
6
What is the highest common factor of 100 and 80?
20
Calculate the highest common divisor of 408 and 34.
34
Calculate the highest common factor of 1370 and 4.
2
Calculate the highest common factor of 864 and 18.
18
Calculate the highest common factor of 26 and 3757.
13
What is the greatest common factor of 8 and 512?
8
Calculate the greatest common divisor of 2101 and 3629.
191
What is the highest common factor of 225 and 1035?
45
Calculate the greatest common divisor of 44 and 110.
22
What is the highest common divisor of 55 and 5335?
55
Calculate the greatest common factor of 31 and 31.
31
Calculate the highest common factor of 10 and 8110.
10
Calculate the highest common factor of 1615 and 85.
85
Calculate the greatest common divisor of 39 and 377.
13
What is the greatest common divisor of 945 and 1155?
105
Calculate the greatest common divisor of 5150 and 100.
50
Calculate the highest common divisor of 12 and 345.
3
Calculate the highest common factor of 7480 and 22.
22
What is the highest common divisor of 324 and 576?
36
Calculate the greatest common factor of 1414 and 42.
14
What is the greatest common factor of 6 and 291?
3
Calculate the greatest common divisor of 391 and 23.
23
Calculate the greatest common divisor of 20 and 940.
20
What is the greatest common factor of 51 and 249?
3
Calculate the greatest common divisor of 397 and 2.
1
What is the greatest common divisor of 95 and 38?
19
Calculate the highest common factor of 774 and 54.
18
What is the greatest common divisor of 48 and 72?
24
What is the highest common divisor of 69 and 46?
23
Calculate the greatest common factor of 2993 and 657.
73
Calculate the greatest common factor of 64 and 12.
4
What is the greatest common factor of 4 and 1444?
4
What is the highest common divisor of 40 and 490?
10
Calculate the greatest common factor of 441 and 1071.
63
Calculate the highest common divisor of 63 and 112.
7
What is the highest common divisor of 1918 and 4658?
274
Calculate the highest common factor of 17 and 1326.
17
Calculate the greatest common divisor of 502 and 6.
2
What is the highest common divisor of 999 and 111?
111
What is the highest common factor of 267 and 623?
89
What is the greatest common factor of 90 and 17055?
45
What is the highest common divisor of 20 and 220?
20
What is the highest common divisor of 259 and 196?
7
Calculate the greatest common divisor of 176 and 286.
22
What is the greatest common factor of 1048 and 96?
8
What is the greatest common divisor of 31 and 17763?
31
Calculate the highest common divisor of 48 and 942.
6
What is the highest common factor of 48 and 24?
24
What is the greatest common factor of 138 and 6?
6
What is the highest common divisor of 112 and 176?
16
Calculate the greatest common factor of 155 and 20305.
155
What is the highest common factor of 43 and 1333?
43
What is the highest common divisor of 2385 and 45?
45
Calculate the greatest common divisor of 14 and 1246.
14
Calculate the greatest common divisor of 1052 and 8.
4
Calculate the greatest common divisor of 68 and 12.
4
What is the highest common factor of 14 and 14?
14
What is the highest common factor of 2344 and 8?
8
Calculate the highest common divisor of 150 and 250.
50
Calculate the greatest common factor of 120 and 9024.
24
What is the greatest common factor of 542 and 10?
2
Calculate the greatest common factor of 280 and 18060.
140
What is the highest common divisor of 275 and 145?
5
What is the highest common factor of 13 and 208?
13
What is the greatest common factor of 160 and 672?
32
What is the highest common divisor of 43 and 24295?
43
What is the greatest common divisor of 45 and 47745?
45
What is the highest common divisor of 120 and 3180?
60
Calculate the greatest common factor of 4032 and 96.
96
Calculate the greatest common divisor of 65 and 58370.
65
Calculate the greatest common divisor of 245 and 147.
49
What is the highest common factor of 80 and 220?
20
What is the highest common divisor of 280 and 168?
56
Calculate the greatest common divisor of 34 and 850.
34
What is the highest common factor of 80 and 3712?
16
What is the highest common divisor of 8 and 376?
8
Calculate the highest common factor of 2641 and 19.
19
What is the greatest common factor of 15096 and 85?
17
What is the greatest common factor of 1795 and 20?
5
Calculate the highest common divisor of 60 and 60.
60
Calculate the greatest common factor of 285 and 38.
19
W